38.
2, 3, 11, 127
List the prime factors of 9204037.
19, 197, 2459
List the prime factors of 157152.
2, 3, 1637
What are the prime factors of 537156?
2, 3, 43, 347
What are the prime factors of 3044463?
3, 1014821
What are the prime factors of 533403?
3, 13, 47, 97
What are the prime factors of 166841?
166841
What are the prime factors of 7672706?
2, 67, 57259
List the prime factors of 10000587.
3, 83, 40163
List the prime factors of 23119702.
2, 431, 26821
What are the prime factors of 27104089?
19, 223, 6397
List the prime factors of 619670.
2, 5, 61967
What are the prime factors of 130599?
3, 7, 691
List the prime factors of 517305.
3, 5, 34487
List the prime factors of 14350211.
14350211
What are the prime factors of 105133?
7, 23, 653
List the prime factors of 245815.
5, 211, 233
List the prime factors of 92525.
5, 3701
What are the prime factors of 8634288?
2, 3, 13, 101, 137
List the prime factors of 3873653.
7, 101, 5479
What are the prime factors of 2582233?
19, 23, 311
What are the prime factors of 20114816?
2, 167, 941
List the prime factors of 636465.
3, 5, 151, 281
List the prime factors of 241217.
109, 2213
What are the prime factors of 527699?
527699
List the prime factors of 13242858.
2, 3, 2207143
List the prime factors of 14799897.
3, 7, 347, 677
What are the prime factors of 228840?
2, 3, 5, 1907
What are the prime factors of 61321?
13, 53, 89
What are the prime factors of 81282?
2, 3, 19, 23, 31
List the prime factors of 7056.
2, 3, 7
What are the prime factors of 241971?
3, 80657
What are the prime factors of 2757788?
2, 11, 233, 269
What are the prime factors of 979036?
2, 244759
List the prime factors of 443660.
2, 5, 7, 3169
What are the prime factors of 173227?
311, 557
List the prime factors of 59612.
2, 7, 2129
What are the prime factors of 17746866?
2, 3, 985937
List the prime factors of 22387649.
43, 71, 7333
What are the prime factors of 5050052?
2, 7, 41, 53, 83
List the prime factors of 125715.
3, 5, 17, 29
List the prime factors of 16025564.
2, 97, 103, 401
What are the prime factors of 66374?
2, 7, 11, 431
What are the prime factors of 2847355?
5, 7, 81353
What are the prime factors of 255845?
5, 51169
What are the prime factors of 1732917?
3, 577639
What are the prime factors of 742053?
3, 13, 53, 359
What are the prime factors of 37833?
3, 12611
What are the prime factors of 5756123?
29, 73, 2719
List the prime factors of 30653.
7, 29, 151
What are the prime factors of 1158384?
2, 3, 24133
What are the prime factors of 7330783?
7330783
List the prime factors of 7554571.
19, 223, 1783
List the prime factors of 68650.
2, 5, 1373
What are the prime factors of 173839?
173839
List the prime factors of 34758361.
11, 131, 24121
List the prime factors of 16018070.
2, 5, 47, 173, 197
List the prime factors of 302859.
3, 3739
What are the prime factors of 1785911?
83, 21517
List the prime factors of 343915.
5, 11, 13, 37
List the prime factors of 1282757.
7, 29, 71, 89
What are the prime factors of 229646?
2, 199, 577
List the prime factors of 192724.
2, 7, 6883
List the prime factors of 18145583.
1459, 12437
List the prime factors of 4713623.
379, 12437
List the prime factors of 1345880.
2, 5, 33647
List the prime factors of 1229519.
1229519
What are the prime factors of 4089754?
2, 29, 107, 659
List the prime factors of 141483.
3, 47161
What are the prime factors of 3673397?
7, 13, 37, 1091
List the prime factors of 45942.
2, 3, 13, 19, 31
What are the prime factors of 382734?
2, 3, 11, 1933
What are the prime factors of 1028553?
3, 167, 2053
What are the prime factors of 97135?
5, 19427
What are the prime factors of 114672?
2, 3, 2389
What are the prime factors of 150553?
13, 37, 313
List the prime factors of 503653.
503653
What are the prime factors of 1317867?
3, 439289
List the prime factors of 127657.
127657
List the prime factors of 9021272.
2, 13, 86743
List the prime factors of 14457936.
2, 3, 19, 83, 191
What are the prime factors of 24055420?
2, 5, 1202771
What are the prime factors of 21827037?
3, 97, 107, 701
What are the prime factors of 6336445?
5, 461, 2749
What are the prime factors of 394339?
11, 3259
What are the prime factors of 549817?
549817
List the prime factors of 18150997.
18150997
What are the prime factors of 2325927?
3, 775309
What are the prime factors of 5584060?
2, 5, 279203
List the prime factors of 2707208.
2, 7, 29, 1667
What are the prime factors of 8828396?
2, 2207099
List the prime factors of 24227.
7, 3461
List the prime factors of 676936.
2, 13, 23, 283
What are the prime factors of 104320?
2, 5, 163
List the prime factors of 297394.
2, 241, 617
What are the prime factors of 494644?
2, 123661
List the prime factors of 478000.
2, 5, 239
What are the prime factors of 1474820?
2, 5, 37, 1993
What are the prime factors of 2395830?
2, 3, 5, 79861
List the prime factors of 537675.
3, 5, 67, 107
What are the prime factors of 1061281?
13, 81637
List the prime factors of 2507170.
2, 5, 409, 613
What are the prime factors of 6207029?
6207029
What are the prime factors of 2955152?
2, 191, 967
What are the prime factors of 1472712?
2, 3, 61363
What are the prime factors of 226034?
2, 113017
What are the prime factors of 5836102?
2, 67, 97, 449
What are the prime factors of 246673?
7, 131, 269
List the prime factors of 222293.
222293
List the prime factors of 7734695.
5, 1546939
What are the prime factors of 856999?
11, 13, 461
What are the prime factors of 283266?
2, 3, 15737
What are the prime factors of 203070?
2, 3, 5, 7, 967
What are the prime factors of 1231188?
2, 3, 7, 14657
What are the prime factors of 177387?
3, 7, 8447
List the prime factors of 178078.
2, 269, 331
What are the prime factors of 352390?
2, 5, 131, 269
List the prime factors of 372077.
19, 19583
What are the prime factors of 653160?
2, 3, 5, 5443
List the prime factors of 452911.
313, 1447
What are the prime factors of 5377187?
5377187
What are the prime factors of 3943776?
2, 3, 41081
List the prime factors of 979774.
2, 489887
List the prime factors of 1951591.
1951591
List the prime factors of 1744815.
3, 5, 293, 397
List the prime factors of 10300022.
2, 373, 13807
List the prime factors of 5879067.
3, 1959689
List the prime factors of 6810839.
7, 972977
List the prime factors of 3034628.
2, 61, 12437
What are the prime factors of 44707086?
2, 3, 523, 1583
List the prime factors of 13393625.
5, 7, 15307
What are the prime factors of 2554920?
2, 3, 5, 47, 151
What are the prime factors of 10060091?
10060091
What are the prime factors of 1009353?
3, 157, 2143
List the prime factors of 393292.
2, 98323
What are the prime factors of 3706718?
2, 307, 6037
What are the prime factors of 12656323?
12656323
What are the prime factors of 23605995?
3, 5, 7, 32117
What are the prime factors of 10336334?
2, 47, 109961
List the prime factors of 143985.
3, 5, 29, 331
What are the prime factors of 451023?
3, 149, 1009
List the prime factors of 17269883.
31, 557093
List the prime factors of 1374019.
1374019
What are the prime factors of 303245?
5, 60649
What are the prime factors of 960053?
960053
What are the prime factors of 192199?
7, 27457
What are the prime factors of 2026397?
2026397
What are the prime factors of 82142?
2, 67, 613
What are the prime factors of 271693?
271693
List the prime factors of 3115120.
2, 5, 23, 1693
List the prime factors of 775338.
2, 3, 129223
List the prime factors of 646523.
646523
List the prime factors of 324442.
2, 162221
What are the prime factors of 28878060?
2, 3, 5, 481301
List the prime factors of 1532363.
7, 17, 79, 163
List the prime factors of 357552.
2, 3, 13, 191
What are the prime factors of 5293495?
5, 19, 55721
What are the prime factors of 126504?
2, 3, 7, 251
What are the prime factors of 112017?
3, 37339
List the prime factors of 561525.
3, 5, 7487
What are the prime factors of 14755536?
2, 3, 43, 2383
List the prime factors of 1992959.
31, 53, 1213
List the prime factors of 3764809.
29, 131, 991
What are the prime factors of 324339?
3, 73, 1481
List the prime factors of 36518605.
5, 271, 26951
List the prime factors of 15892550.
2, 5, 19, 16729
What are the prime factors of 306183?
3, 102061
What are the prime factors of 488161?
488161
List the prime factors of 483760.